{"id":125,"date":"2020-01-12T14:10:32","date_gmt":"2020-01-12T14:10:32","guid":{"rendered":"http:\/\/test.seeackerschule-fuerth.de\/?page_id=125"},"modified":"2025-02-14T12:52:19","modified_gmt":"2025-02-14T12:52:19","slug":"gebundener-ganztag","status":"publish","type":"page","link":"https:\/\/seeackerschule-fuerth.de\/?page_id=125","title":{"rendered":"Ganztag"},"content":{"rendered":"\t\t<div data-elementor-type=\"wp-page\" data-elementor-id=\"125\" class=\"elementor elementor-125\" data-elementor-settings=\"[]\">\n\t\t\t\t\t\t<div class=\"elementor-inner\">\n\t\t\t\t\t\t\t<div class=\"elementor-section-wrap\">\n\t\t\t\t\t\t\t<section class=\"elementor-section elementor-top-section elementor-element elementor-element-2ce37e7 elementor-section-boxed elementor-section-height-default elementor-section-height-default\" data-id=\"2ce37e7\" data-element_type=\"section\">\n\t\t\t\t\t\t<div class=\"elementor-container elementor-column-gap-default\">\n\t\t\t\t\t\t\t<div class=\"elementor-row\">\n\t\t\t\t\t<div class=\"elementor-column elementor-col-100 elementor-top-column elementor-element elementor-element-dafc66c\" data-id=\"dafc66c\" data-element_type=\"column\">\n\t\t\t<div class=\"elementor-column-wrap elementor-element-populated\">\n\t\t\t\t\t\t\t<div class=\"elementor-widget-wrap\">\n\t\t\t\t\t\t<div class=\"elementor-element elementor-element-5336dac elementor-widget elementor-widget-heading\" data-id=\"5336dac\" data-element_type=\"widget\" data-widget_type=\"heading.default\">\n\t\t\t\t<div class=\"elementor-widget-container\">\n\t\t\t<h2 class=\"elementor-heading-title elementor-size-default\">Gebundener Ganztag<\/h2>\t\t<\/div>\n\t\t\t\t<\/div>\n\t\t\t\t<div class=\"elementor-element elementor-element-a9b7886 elementor-widget elementor-widget-text-editor\" data-id=\"a9b7886\" data-element_type=\"widget\" data-widget_type=\"text-editor.default\">\n\t\t\t\t<div class=\"elementor-widget-container\">\n\t\t\t\t\t<div class=\"elementor-text-editor elementor-clearfix\"><p>Die gebundene Ganztagsklasse (GGT) garantiert ein Betreuungsangebot f\u00fcr die gesamte Grundschulzeit \u00fcber <strong>vier Grundschuljahre<\/strong>.<\/p><p>Unter gebundener Ganztagsschule wird verstanden, dass ein durchgehend strukturierter Aufenthalt in der Schule an mindestens 4 Wochentagen (Mo-Do) in der Regel von 8:00 Uhr bis grunds\u00e4tzlich 15:30 Uhr f\u00fcr die Sch\u00fclerinnen und Sch\u00fcler verpflichtend ist, die vormitt\u00e4glichen und nachmitt\u00e4glichen Aktivit\u00e4ten in einem konzeptionellen Zusammenhang stehen und der Unterricht in einer Ganztagsklasse erteilt wird.<\/p><p>Der Pflichtunterricht ist auf Vormittag und Nachmittag verteilt. \u00dcber den ganzen Tag hinweg wechseln <strong>Unterrichtsstunden<\/strong> mit <strong>\u00dcbungszeiten<\/strong>\u00a0und sportlichen, musischen und k\u00fcnstlerisch orientierten <strong>F\u00f6rderma\u00dfnahmen<\/strong>. Es werden auch <strong>Freizeitaktivit\u00e4ten<\/strong> angeboten.<\/p><p>Bestandteil ist au\u00dferdem ein verpflichtendes <strong>gemeinsames Mittagessen<\/strong>. Hier fallen monatliche Kosten an.<\/p><p>In der gebundenen Ganztagsschule werden \u00fcberwiegend Lehrkr\u00e4fte eingesetzt, aber auch externe Honorarkr\u00e4fte, etwa f\u00fcr die Betreuungen der Mittagszeit sowie f\u00fcr Freizeitgestaltung, AGs etc.<\/p><p>Zwar findet in einer Ganztagesklasse ein Gro\u00dfteil der \u201eHausaufgaben\u201c in der Schule statt. Dennoch m\u00fcssen sich Kinder auch zu Hause auf einen Schultag vorbereiten (Lernen lernen) oder gelegentlich Aufgaben zu Hause erledigen. Die Unterst\u00fctzung der Erziehungsberechtigten bleibt ein wichtiger Bestandteil im Schultag des Kindes.<\/p><p><strong>Eine kostenpflichtige Anschlussbetreuung kann dazu gebucht werden.<\/strong><\/p><p>Mo-Do:\u00a0\u00a0\u00a0\u00a0\u00a0\u00a0\u00a0\u00a0\u00a0\u00a0 15:30 \u2013 17:00 Uhr<\/p><p>Fr: \u00a0\u00a0\u00a0\u00a0\u00a0\u00a0\u00a0\u00a0\u00a0\u00a0\u00a0\u00a0\u00a0\u00a0\u00a0\u00a0\u00a0 13:00 \u2013 15:00 Uhr<\/p><\/div>\n\t\t\t\t<\/div>\n\t\t\t\t<\/div>\n\t\t\t\t\t\t<\/div>\n\t\t\t\t\t<\/div>\n\t\t<\/div>\n\t\t\t\t\t\t\t\t<\/div>\n\t\t\t\t\t<\/div>\n\t\t<\/section>\n\t\t\t\t\t\t<\/div>\n\t\t\t\t\t\t<\/div>\n\t\t\t\t\t<\/div>\n\t\t","protected":false},"excerpt":{"rendered":"<p>Gebundener Ganztag Die gebundene Ganztagsklasse (GGT) garantiert ein Betreuungsangebot f\u00fcr die gesamte Grundschulzeit \u00fcber vier Grundschuljahre. Unter gebundener Ganztagsschule wird verstanden, dass ein durchgehend strukturierter Aufenthalt in der Schule an mindestens 4 Wochentagen (Mo-Do) in der Regel von 8:00 Uhr bis grunds\u00e4tzlich 15:30 Uhr f\u00fcr die Sch\u00fclerinnen und Sch\u00fcler verpflichtend ist, die vormitt\u00e4glichen und nachmitt\u00e4glichen [&hellip;]<\/p>\n","protected":false},"author":1,"featured_media":0,"parent":0,"menu_order":0,"comment_status":"closed","ping_status":"closed","template":"","meta":[],"_links":{"self":[{"href":"https:\/\/seeackerschule-fuerth.de\/index.php?rest_route=\/wp\/v2\/pages\/125"}],"collection":[{"href":"https:\/\/seeackerschule-fuerth.de\/index.php?rest_route=\/wp\/v2\/pages"}],"about":[{"href":"https:\/\/seeackerschule-fuerth.de\/index.php?rest_route=\/wp\/v2\/types\/page"}],"author":[{"embeddable":true,"href":"https:\/\/seeackerschule-fuerth.de\/index.php?rest_route=\/wp\/v2\/users\/1"}],"replies":[{"embeddable":true,"href":"https:\/\/seeackerschule-fuerth.de\/index.php?rest_route=%2Fwp%2Fv2%2Fcomments&post=125"}],"version-history":[{"count":43,"href":"https:\/\/seeackerschule-fuerth.de\/index.php?rest_route=\/wp\/v2\/pages\/125\/revisions"}],"predecessor-version":[{"id":2689,"href":"https:\/\/seeackerschule-fuerth.de\/index.php?rest_route=\/wp\/v2\/pages\/125\/revisions\/2689"}],"wp:attachment":[{"href":"https:\/\/seeackerschule-fuerth.de\/index.php?rest_route=%2Fwp%2Fv2%2Fmedia&parent=125"}],"curies":[{"name":"wp","href":"https:\/\/api.w.org\/{rel}","templated":true}]}}