{"id":325,"date":"2020-01-19T15:03:39","date_gmt":"2020-01-19T15:03:39","guid":{"rendered":"http:\/\/test.seeackerschule-fuerth.de\/?page_id=325"},"modified":"2020-01-19T15:12:33","modified_gmt":"2020-01-19T15:12:33","slug":"was-tun-bei-laeusen-2","status":"publish","type":"page","link":"https:\/\/seeackerschule-fuerth.de\/?page_id=325","title":{"rendered":"Was tun bei L\u00e4usen?"},"content":{"rendered":"\t\t<div data-elementor-type=\"wp-page\" data-elementor-id=\"325\" class=\"elementor elementor-325\" data-elementor-settings=\"[]\">\n\t\t\t\t\t\t<div class=\"elementor-inner\">\n\t\t\t\t\t\t\t<div class=\"elementor-section-wrap\">\n\t\t\t\t\t\t\t<section class=\"elementor-section elementor-top-section elementor-element elementor-element-3144a43 elementor-section-boxed elementor-section-height-default elementor-section-height-default\" data-id=\"3144a43\" data-element_type=\"section\">\n\t\t\t\t\t\t<div class=\"elementor-container elementor-column-gap-default\">\n\t\t\t\t\t\t\t<div class=\"elementor-row\">\n\t\t\t\t\t<div class=\"elementor-column elementor-col-100 elementor-top-column elementor-element elementor-element-3d50f64\" data-id=\"3d50f64\" data-element_type=\"column\">\n\t\t\t<div class=\"elementor-column-wrap elementor-element-populated\">\n\t\t\t\t\t\t\t<div class=\"elementor-widget-wrap\">\n\t\t\t\t\t\t<div class=\"elementor-element elementor-element-2a93309 elementor-widget elementor-widget-heading\" data-id=\"2a93309\" data-element_type=\"widget\" data-widget_type=\"heading.default\">\n\t\t\t\t<div class=\"elementor-widget-container\">\n\t\t\t<h2 class=\"elementor-heading-title elementor-size-default\">Was tun bei L\u00e4usen?<\/h2>\t\t<\/div>\n\t\t\t\t<\/div>\n\t\t\t\t<div class=\"elementor-element elementor-element-1a9f6f9 elementor-widget elementor-widget-text-editor\" data-id=\"1a9f6f9\" data-element_type=\"widget\" data-widget_type=\"text-editor.default\">\n\t\t\t\t<div class=\"elementor-widget-container\">\n\t\t\t\t\t<div class=\"elementor-text-editor elementor-clearfix\"><p>Ben\u00f6tigen Sie n\u00e4here Informationen zu Kopfl\u00e4usen?\u00a0<\/p><p>Hier k\u00f6nnen Sie sich erkundigen:\u00a0<a href=\"https:\/\/www.bzga.de\/infomaterialien\/kinder-und-jugendgesundheit\/kopflaeuse-was-tun\/\" target=\"_blank\" rel=\"noopener\">https:\/\/www.bzga.de\/infomaterialien\/kinder-und-jugendgesundheit\/kopflaeuse-was-tun\/<\/a><\/p><\/div>\n\t\t\t\t<\/div>\n\t\t\t\t<\/div>\n\t\t\t\t\t\t<\/div>\n\t\t\t\t\t<\/div>\n\t\t<\/div>\n\t\t\t\t\t\t\t\t<\/div>\n\t\t\t\t\t<\/div>\n\t\t<\/section>\n\t\t\t\t\t\t<\/div>\n\t\t\t\t\t\t<\/div>\n\t\t\t\t\t<\/div>\n\t\t","protected":false},"excerpt":{"rendered":"<p>Was tun bei L\u00e4usen? Ben\u00f6tigen Sie n\u00e4here Informationen zu Kopfl\u00e4usen?\u00a0 Hier k\u00f6nnen Sie sich erkundigen:\u00a0https:\/\/www.bzga.de\/infomaterialien\/kinder-und-jugendgesundheit\/kopflaeuse-was-tun\/<\/p>\n","protected":false},"author":1,"featured_media":0,"parent":0,"menu_order":0,"comment_status":"closed","ping_status":"closed","template":"","meta":[],"_links":{"self":[{"href":"https:\/\/seeackerschule-fuerth.de\/index.php?rest_route=\/wp\/v2\/pages\/325"}],"collection":[{"href":"https:\/\/seeackerschule-fuerth.de\/index.php?rest_route=\/wp\/v2\/pages"}],"about":[{"href":"https:\/\/seeackerschule-fuerth.de\/index.php?rest_route=\/wp\/v2\/types\/page"}],"author":[{"embeddable":true,"href":"https:\/\/seeackerschule-fuerth.de\/index.php?rest_route=\/wp\/v2\/users\/1"}],"replies":[{"embeddable":true,"href":"https:\/\/seeackerschule-fuerth.de\/index.php?rest_route=%2Fwp%2Fv2%2Fcomments&post=325"}],"version-history":[{"count":4,"href":"https:\/\/seeackerschule-fuerth.de\/index.php?rest_route=\/wp\/v2\/pages\/325\/revisions"}],"predecessor-version":[{"id":330,"href":"https:\/\/seeackerschule-fuerth.de\/index.php?rest_route=\/wp\/v2\/pages\/325\/revisions\/330"}],"wp:attachment":[{"href":"https:\/\/seeackerschule-fuerth.de\/index.php?rest_route=%2Fwp%2Fv2%2Fmedia&parent=325"}],"curies":[{"name":"wp","href":"https:\/\/api.w.org\/{rel}","templated":true}]}}