{"id":491,"date":"2020-03-03T15:23:56","date_gmt":"2020-03-03T15:23:56","guid":{"rendered":"https:\/\/seeackerschule-fuerth.de\/?page_id=491"},"modified":"2020-03-03T16:10:01","modified_gmt":"2020-03-03T16:10:01","slug":"merkblatt-coronavirus","status":"publish","type":"page","link":"https:\/\/seeackerschule-fuerth.de\/?page_id=491","title":{"rendered":"Merkblatt Coronavirus"},"content":{"rendered":"\t\t<div data-elementor-type=\"wp-page\" data-elementor-id=\"491\" class=\"elementor elementor-491\" data-elementor-settings=\"[]\">\n\t\t\t\t\t\t<div class=\"elementor-inner\">\n\t\t\t\t\t\t\t<div class=\"elementor-section-wrap\">\n\t\t\t\t\t\t\t<section class=\"elementor-section elementor-top-section elementor-element elementor-element-66cdba7 elementor-section-boxed elementor-section-height-default elementor-section-height-default\" data-id=\"66cdba7\" data-element_type=\"section\">\n\t\t\t\t\t\t<div class=\"elementor-container elementor-column-gap-default\">\n\t\t\t\t\t\t\t<div class=\"elementor-row\">\n\t\t\t\t\t<div class=\"elementor-column elementor-col-100 elementor-top-column elementor-element elementor-element-d7c04ec\" data-id=\"d7c04ec\" data-element_type=\"column\">\n\t\t\t<div class=\"elementor-column-wrap elementor-element-populated\">\n\t\t\t\t\t\t\t<div class=\"elementor-widget-wrap\">\n\t\t\t\t\t\t<div class=\"elementor-element elementor-element-18b441e elementor-widget elementor-widget-heading\" data-id=\"18b441e\" data-element_type=\"widget\" data-widget_type=\"heading.default\">\n\t\t\t\t<div class=\"elementor-widget-container\">\n\t\t\t<h2 class=\"elementor-heading-title elementor-size-default\">Merkblatt Coronavirus<\/h2>\t\t<\/div>\n\t\t\t\t<\/div>\n\t\t\t\t<div class=\"elementor-element elementor-element-8dafc6e elementor-widget elementor-widget-text-editor\" data-id=\"8dafc6e\" data-element_type=\"widget\" data-widget_type=\"text-editor.default\">\n\t\t\t\t<div class=\"elementor-widget-container\">\n\t\t\t\t\t<div class=\"elementor-text-editor elementor-clearfix\"><p>Im Folgenden finden Sie ein offizielles Merkblatt des Kultusministeriums zum Coronavirus:\u00a0<\/p><ul><li><span style=\"text-decoration: underline;\"><a href=\"https:\/\/seeackerschule-fuerth.de\/wp-content\/uploads\/2020\/03\/Merkblatt-f\u00fcr-die-Erziehungsberechtigten-und-Sch\u00fclerinnen-und-Sch\u00fcler-1.pdf\" target=\"_blank\" rel=\"noopener\">Merkblatt Coronavirus f\u00fcr die Erziehungsberechtigten und Sch\u00fclerinnen und Sch\u00fcler<\/a><\/span><\/li><\/ul><\/div>\n\t\t\t\t<\/div>\n\t\t\t\t<\/div>\n\t\t\t\t\t\t<\/div>\n\t\t\t\t\t<\/div>\n\t\t<\/div>\n\t\t\t\t\t\t\t\t<\/div>\n\t\t\t\t\t<\/div>\n\t\t<\/section>\n\t\t\t\t\t\t<\/div>\n\t\t\t\t\t\t<\/div>\n\t\t\t\t\t<\/div>\n\t\t","protected":false},"excerpt":{"rendered":"<p>Merkblatt Coronavirus Im Folgenden finden Sie ein offizielles Merkblatt des Kultusministeriums zum Coronavirus:&nbsp; Merkblatt Coronavirus f\u00fcr die Erziehungsberechtigten und Sch\u00fclerinnen und Sch\u00fcler<\/p>\n","protected":false},"author":1,"featured_media":0,"parent":0,"menu_order":0,"comment_status":"closed","ping_status":"closed","template":"","meta":[],"_links":{"self":[{"href":"https:\/\/seeackerschule-fuerth.de\/index.php?rest_route=\/wp\/v2\/pages\/491"}],"collection":[{"href":"https:\/\/seeackerschule-fuerth.de\/index.php?rest_route=\/wp\/v2\/pages"}],"about":[{"href":"https:\/\/seeackerschule-fuerth.de\/index.php?rest_route=\/wp\/v2\/types\/page"}],"author":[{"embeddable":true,"href":"https:\/\/seeackerschule-fuerth.de\/index.php?rest_route=\/wp\/v2\/users\/1"}],"replies":[{"embeddable":true,"href":"https:\/\/seeackerschule-fuerth.de\/index.php?rest_route=%2Fwp%2Fv2%2Fcomments&post=491"}],"version-history":[{"count":8,"href":"https:\/\/seeackerschule-fuerth.de\/index.php?rest_route=\/wp\/v2\/pages\/491\/revisions"}],"predecessor-version":[{"id":519,"href":"https:\/\/seeackerschule-fuerth.de\/index.php?rest_route=\/wp\/v2\/pages\/491\/revisions\/519"}],"wp:attachment":[{"href":"https:\/\/seeackerschule-fuerth.de\/index.php?rest_route=%2Fwp%2Fv2%2Fmedia&parent=491"}],"curies":[{"name":"wp","href":"https:\/\/api.w.org\/{rel}","templated":true}]}}