{"id":9,"date":"2019-10-21T15:49:38","date_gmt":"2019-10-21T15:49:38","guid":{"rendered":"http:\/\/test.seeackerschule-fuerth.de\/?page_id=9"},"modified":"2026-03-04T12:39:15","modified_gmt":"2026-03-04T12:39:15","slug":"herzlich-willkommen","status":"publish","type":"page","link":"https:\/\/seeackerschule-fuerth.de\/","title":{"rendered":"Startseite"},"content":{"rendered":"\t\t<div data-elementor-type=\"wp-page\" data-elementor-id=\"9\" class=\"elementor elementor-9\" data-elementor-settings=\"[]\">\n\t\t\t\t\t\t<div class=\"elementor-inner\">\n\t\t\t\t\t\t\t<div class=\"elementor-section-wrap\">\n\t\t\t\t\t\t\t<section class=\"elementor-section elementor-top-section elementor-element elementor-element-3208ccf elementor-section-boxed elementor-section-height-default elementor-section-height-default\" data-id=\"3208ccf\" data-element_type=\"section\">\n\t\t\t\t\t\t<div class=\"elementor-container elementor-column-gap-default\">\n\t\t\t\t\t\t\t<div class=\"elementor-row\">\n\t\t\t\t\t<div class=\"elementor-column elementor-col-100 elementor-top-column elementor-element elementor-element-6f0534d\" data-id=\"6f0534d\" data-element_type=\"column\">\n\t\t\t<div class=\"elementor-column-wrap elementor-element-populated\">\n\t\t\t\t\t\t\t<div class=\"elementor-widget-wrap\">\n\t\t\t\t\t\t<div class=\"elementor-element elementor-element-3a01e4c elementor-widget elementor-widget-heading\" data-id=\"3a01e4c\" data-element_type=\"widget\" data-widget_type=\"heading.default\">\n\t\t\t\t<div class=\"elementor-widget-container\">\n\t\t\t<h2 class=\"elementor-heading-title elementor-size-xl\">Herzlich willkommen auf der Homepage der Grundschule Seeackerstra\u00dfe!<\/h2>\t\t<\/div>\n\t\t\t\t<\/div>\n\t\t\t\t\t\t<\/div>\n\t\t\t\t\t<\/div>\n\t\t<\/div>\n\t\t\t\t\t\t\t\t<\/div>\n\t\t\t\t\t<\/div>\n\t\t<\/section>\n\t\t\t\t<section class=\"elementor-section elementor-top-section elementor-element elementor-element-706d5b1 elementor-section-boxed elementor-section-height-default elementor-section-height-default\" data-id=\"706d5b1\" data-element_type=\"section\">\n\t\t\t\t\t\t<div class=\"elementor-container elementor-column-gap-default\">\n\t\t\t\t\t\t\t<div class=\"elementor-row\">\n\t\t\t\t\t<div class=\"elementor-column elementor-col-100 elementor-top-column elementor-element elementor-element-013401d\" data-id=\"013401d\" data-element_type=\"column\">\n\t\t\t<div class=\"elementor-column-wrap elementor-element-populated\">\n\t\t\t\t\t\t\t<div class=\"elementor-widget-wrap\">\n\t\t\t\t\t\t<div class=\"elementor-element elementor-element-c0a6eb6 elementor-widget elementor-widget-text-editor\" data-id=\"c0a6eb6\" data-element_type=\"widget\" data-widget_type=\"text-editor.default\">\n\t\t\t\t<div class=\"elementor-widget-container\">\n\t\t\t\t\t<div class=\"elementor-text-editor elementor-clearfix\"><p style=\"text-align: center;\">Hier im F\u00fcrther Ronhof sind wir eine echte Schulfamilie! An unserer Schule arbeiten die Sch\u00fcler, Eltern und Lehrer Hand-in-Hand. Wir haben eine gut organisierte Ganztagsbetreuung und werden durch viele professionelle externe Partner unterst\u00fctzt.<br \/>Gemeinsam ist fast alles schaffbar. Wir sind Seeacker!<\/p><\/div>\n\t\t\t\t<\/div>\n\t\t\t\t<\/div>\n\t\t\t\t\t\t<\/div>\n\t\t\t\t\t<\/div>\n\t\t<\/div>\n\t\t\t\t\t\t\t\t<\/div>\n\t\t\t\t\t<\/div>\n\t\t<\/section>\n\t\t\t\t<section class=\"elementor-section elementor-top-section elementor-element elementor-element-a24b2dd elementor-section-boxed elementor-section-height-default elementor-section-height-default\" data-id=\"a24b2dd\" data-element_type=\"section\">\n\t\t\t\t\t\t<div class=\"elementor-container elementor-column-gap-default\">\n\t\t\t\t\t\t\t<div class=\"elementor-row\">\n\t\t\t\t\t<div class=\"elementor-column elementor-col-100 elementor-top-column elementor-element elementor-element-4138980\" data-id=\"4138980\" data-element_type=\"column\">\n\t\t\t<div class=\"elementor-column-wrap elementor-element-populated\">\n\t\t\t\t\t\t\t<div class=\"elementor-widget-wrap\">\n\t\t\t\t\t\t<div class=\"elementor-element elementor-element-b0c9817 elementor-widget elementor-widget-text-editor\" data-id=\"b0c9817\" data-element_type=\"widget\" data-settings=\"{&quot;_animation&quot;:&quot;none&quot;}\" data-widget_type=\"text-editor.default\">\n\t\t\t\t<div class=\"elementor-widget-container\">\n\t\t\t\t\t<div class=\"elementor-text-editor elementor-clearfix\"><p><strong>Allgemeine Informationen zur bayerischen Grundschule<\/strong><\/p>\n<p><a href=\"https:\/\/www.km.bayern.de\/\" target=\"_blank\" rel=\"noopener\">https:\/\/www.km.bayern.de\/<\/a><\/p>\n<p><a href=\"https:\/\/seeackerschule-fuerth.de\/wp-content\/uploads\/2024\/03\/Broschuere_Die_bayerische_Grundschule.pdf\" target=\"_blank\" rel=\"noopener\">Brosch\u00fcre_Die_bayerische_Grundschule<\/a><\/p>\n<h3>Die Schuleinschreibung f\u00fcr die neuen Erstkl\u00e4ssler findet am Fr., 13.03.26 in der Zeit von 10:00 &#8211; 13:30 Uhr statt.<\/h3><\/div>\n\t\t\t\t<\/div>\n\t\t\t\t<\/div>\n\t\t\t\t<div class=\"elementor-element elementor-element-c2496d6 elementor-widget elementor-widget-image\" data-id=\"c2496d6\" data-element_type=\"widget\" data-widget_type=\"image.default\">\n\t\t\t\t<div class=\"elementor-widget-container\">\n\t\t\t\t\t<div class=\"elementor-image\">\n\t\t\t\t\t\t\t<figure class=\"wp-caption\">\n\t\t\t\t\t\t\t\t\t\t<img width=\"212\" height=\"300\" src=\"https:\/\/seeackerschule-fuerth.de\/wp-content\/uploads\/2024\/08\/Lied-212x300.png\" class=\"attachment-medium size-medium\" alt=\"\" loading=\"lazy\" srcset=\"https:\/\/seeackerschule-fuerth.de\/wp-content\/uploads\/2024\/08\/Lied-212x300.png 212w, https:\/\/seeackerschule-fuerth.de\/wp-content\/uploads\/2024\/08\/Lied-724x1024.png 724w, https:\/\/seeackerschule-fuerth.de\/wp-content\/uploads\/2024\/08\/Lied-768x1086.png 768w, https:\/\/seeackerschule-fuerth.de\/wp-content\/uploads\/2024\/08\/Lied-1086x1536.png 1086w, https:\/\/seeackerschule-fuerth.de\/wp-content\/uploads\/2024\/08\/Lied.png 1414w\" sizes=\"(max-width: 212px) 100vw, 212px\" \/>\t\t\t\t\t\t\t\t\t\t\t<figcaption class=\"widget-image-caption wp-caption-text\">50 Jahre Seeackerschule<\/figcaption>\n\t\t\t\t\t\t\t\t\t\t<\/figure>\n\t\t\t\t\t<\/div>\n\t\t\t\t<\/div>\n\t\t\t\t<\/div>\n\t\t\t\t<div class=\"elementor-element elementor-element-9af43fd elementor-widget elementor-widget-image\" data-id=\"9af43fd\" data-element_type=\"widget\" data-widget_type=\"image.default\">\n\t\t\t\t<div class=\"elementor-widget-container\">\n\t\t\t\t\t<div class=\"elementor-image\">\n\t\t\t\t\t\t\t\t\t\t<img width=\"1440\" height=\"600\" src=\"https:\/\/seeackerschule-fuerth.de\/wp-content\/uploads\/2020\/02\/Seeacker-vorne.jpg\" class=\"attachment-full size-full\" alt=\"\" loading=\"lazy\" srcset=\"https:\/\/seeackerschule-fuerth.de\/wp-content\/uploads\/2020\/02\/Seeacker-vorne.jpg 1440w, https:\/\/seeackerschule-fuerth.de\/wp-content\/uploads\/2020\/02\/Seeacker-vorne-300x125.jpg 300w, https:\/\/seeackerschule-fuerth.de\/wp-content\/uploads\/2020\/02\/Seeacker-vorne-768x320.jpg 768w, https:\/\/seeackerschule-fuerth.de\/wp-content\/uploads\/2020\/02\/Seeacker-vorne-1024x427.jpg 1024w\" sizes=\"(max-width: 1440px) 100vw, 1440px\" \/>\t\t\t\t\t\t\t\t\t\t\t<\/div>\n\t\t\t\t<\/div>\n\t\t\t\t<\/div>\n\t\t\t\t\t\t<\/div>\n\t\t\t\t\t<\/div>\n\t\t<\/div>\n\t\t\t\t\t\t\t\t<\/div>\n\t\t\t\t\t<\/div>\n\t\t<\/section>\n\t\t\t\t<section class=\"elementor-section elementor-top-section elementor-element elementor-element-dd4462e elementor-section-boxed elementor-section-height-default elementor-section-height-default\" data-id=\"dd4462e\" data-element_type=\"section\">\n\t\t\t\t\t\t<div class=\"elementor-container elementor-column-gap-default\">\n\t\t\t\t\t\t\t<div class=\"elementor-row\">\n\t\t\t\t\t<div class=\"elementor-column elementor-col-100 elementor-top-column elementor-element elementor-element-186b5db\" data-id=\"186b5db\" data-element_type=\"column\">\n\t\t\t<div class=\"elementor-column-wrap elementor-element-populated\">\n\t\t\t\t\t\t\t<div class=\"elementor-widget-wrap\">\n\t\t\t\t\t\t<div class=\"elementor-element elementor-element-17ee47a elementor-widget elementor-widget-image\" data-id=\"17ee47a\" data-element_type=\"widget\" data-widget_type=\"image.default\">\n\t\t\t\t<div class=\"elementor-widget-container\">\n\t\t\t\t\t<div class=\"elementor-image\">\n\t\t\t\t\t\t\t<figure class=\"wp-caption\">\n\t\t\t\t\t\t\t\t\t\t<img width=\"300\" height=\"148\" src=\"https:\/\/seeackerschule-fuerth.de\/wp-content\/uploads\/2025\/01\/Lego-Schule-300x148.png\" class=\"attachment-medium size-medium\" alt=\"\" loading=\"lazy\" srcset=\"https:\/\/seeackerschule-fuerth.de\/wp-content\/uploads\/2025\/01\/Lego-Schule-300x148.png 300w, https:\/\/seeackerschule-fuerth.de\/wp-content\/uploads\/2025\/01\/Lego-Schule-768x379.png 768w, https:\/\/seeackerschule-fuerth.de\/wp-content\/uploads\/2025\/01\/Lego-Schule.png 930w\" sizes=\"(max-width: 300px) 100vw, 300px\" \/>\t\t\t\t\t\t\t\t\t\t\t<figcaption class=\"widget-image-caption wp-caption-text\">Die Seeackerschule - gebaut aus Lego von 4.Kl\u00e4sslern.<\/figcaption>\n\t\t\t\t\t\t\t\t\t\t<\/figure>\n\t\t\t\t\t<\/div>\n\t\t\t\t<\/div>\n\t\t\t\t<\/div>\n\t\t\t\t\t\t<\/div>\n\t\t\t\t\t<\/div>\n\t\t<\/div>\n\t\t\t\t\t\t\t\t<\/div>\n\t\t\t\t\t<\/div>\n\t\t<\/section>\n\t\t\t\t<section class=\"elementor-section elementor-top-section elementor-element elementor-element-68dfb30 elementor-section-boxed elementor-section-height-default elementor-section-height-default\" data-id=\"68dfb30\" data-element_type=\"section\">\n\t\t\t\t\t\t<div class=\"elementor-container elementor-column-gap-default\">\n\t\t\t\t\t\t\t<div class=\"elementor-row\">\n\t\t\t\t\t<div class=\"elementor-column elementor-col-50 elementor-top-column elementor-element elementor-element-6c4e4a7\" data-id=\"6c4e4a7\" data-element_type=\"column\">\n\t\t\t<div class=\"elementor-column-wrap elementor-element-populated\">\n\t\t\t\t\t\t\t<div class=\"elementor-widget-wrap\">\n\t\t\t\t\t\t<div class=\"elementor-element elementor-element-0ade149 elementor-widget elementor-widget-image-gallery\" data-id=\"0ade149\" data-element_type=\"widget\" data-widget_type=\"image-gallery.default\">\n\t\t\t\t<div class=\"elementor-widget-container\">\n\t\t\t\t\t<div class=\"elementor-image-gallery\">\n\t\t\t<div id='gallery-1' class='gallery galleryid-9 gallery-columns-4 gallery-size-full'><figure class='gallery-item'>\n\t\t\t<div class='gallery-icon portrait'>\n\t\t\t\t<a data-elementor-open-lightbox=\"yes\" data-elementor-lightbox-slideshow=\"0ade149\" data-elementor-lightbox-title=\"Grafik_Partnerschulen\" href='https:\/\/seeackerschule-fuerth.de\/wp-content\/uploads\/2020\/02\/Grafik_Partnerschulen.png'><img width=\"159\" height=\"212\" src=\"https:\/\/seeackerschule-fuerth.de\/wp-content\/uploads\/2020\/02\/Grafik_Partnerschulen.png\" class=\"attachment-full size-full\" alt=\"\" loading=\"lazy\" \/><\/a>\n\t\t\t<\/div><\/figure><figure class='gallery-item'>\n\t\t\t<div class='gallery-icon landscape'>\n\t\t\t\t<a data-elementor-open-lightbox=\"yes\" data-elementor-lightbox-slideshow=\"0ade149\" data-elementor-lightbox-title=\"klasse2000-banner-01-240x200px\" href='https:\/\/seeackerschule-fuerth.de\/wp-content\/uploads\/2020\/02\/klasse2000-banner-01-240x200px.jpg'><img width=\"240\" height=\"200\" src=\"https:\/\/seeackerschule-fuerth.de\/wp-content\/uploads\/2020\/02\/klasse2000-banner-01-240x200px.jpg\" class=\"attachment-full size-full\" alt=\"\" loading=\"lazy\" \/><\/a>\n\t\t\t<\/div><\/figure><figure class='gallery-item'>\n\t\t\t<div class='gallery-icon landscape'>\n\t\t\t\t<a data-elementor-open-lightbox=\"yes\" data-elementor-lightbox-slideshow=\"0ade149\" data-elementor-lightbox-title=\"Sportschule\" href='https:\/\/seeackerschule-fuerth.de\/wp-content\/uploads\/2022\/11\/Sportschule.png'><img width=\"1174\" height=\"827\" src=\"https:\/\/seeackerschule-fuerth.de\/wp-content\/uploads\/2022\/11\/Sportschule.png\" class=\"attachment-full size-full\" alt=\"\" loading=\"lazy\" srcset=\"https:\/\/seeackerschule-fuerth.de\/wp-content\/uploads\/2022\/11\/Sportschule.png 1174w, https:\/\/seeackerschule-fuerth.de\/wp-content\/uploads\/2022\/11\/Sportschule-300x211.png 300w, https:\/\/seeackerschule-fuerth.de\/wp-content\/uploads\/2022\/11\/Sportschule-1024x721.png 1024w, https:\/\/seeackerschule-fuerth.de\/wp-content\/uploads\/2022\/11\/Sportschule-768x541.png 768w\" sizes=\"(max-width: 1174px) 100vw, 1174px\" \/><\/a>\n\t\t\t<\/div><\/figure>\n\t\t<\/div>\n\t\t<\/div>\n\t\t\t\t<\/div>\n\t\t\t\t<\/div>\n\t\t\t\t\t\t<\/div>\n\t\t\t\t\t<\/div>\n\t\t<\/div>\n\t\t\t\t<div class=\"elementor-column elementor-col-50 elementor-top-column elementor-element elementor-element-dc4f938\" data-id=\"dc4f938\" data-element_type=\"column\">\n\t\t\t<div class=\"elementor-column-wrap elementor-element-populated\">\n\t\t\t\t\t\t\t<div class=\"elementor-widget-wrap\">\n\t\t\t\t\t\t<div class=\"elementor-element elementor-element-cd30aa3 elementor-widget elementor-widget-heading\" data-id=\"cd30aa3\" data-element_type=\"widget\" data-widget_type=\"heading.default\">\n\t\t\t\t<div class=\"elementor-widget-container\">\n\t\t\t<h2 class=\"elementor-heading-title elementor-size-default\">Kontakt<\/h2>\t\t<\/div>\n\t\t\t\t<\/div>\n\t\t\t\t<div class=\"elementor-element elementor-element-5535c50 elementor-widget elementor-widget-text-editor\" data-id=\"5535c50\" data-element_type=\"widget\" data-widget_type=\"text-editor.default\">\n\t\t\t\t<div class=\"elementor-widget-container\">\n\t\t\t\t\t<div class=\"elementor-text-editor elementor-clearfix\"><p>Grundschule Seeackerstra\u00dfe<strong><br \/><\/strong>Carlo-Schmid-Stra\u00dfe 39<br \/>90765 F\u00fcrth<\/p><\/div>\n\t\t\t\t<\/div>\n\t\t\t\t<\/div>\n\t\t\t\t<section class=\"elementor-section elementor-inner-section elementor-element elementor-element-0ebee9c elementor-section-boxed elementor-section-height-default elementor-section-height-default\" data-id=\"0ebee9c\" data-element_type=\"section\">\n\t\t\t\t\t\t<div class=\"elementor-container elementor-column-gap-default\">\n\t\t\t\t\t\t\t<div class=\"elementor-row\">\n\t\t\t\t\t<div class=\"elementor-column elementor-col-50 elementor-inner-column elementor-element elementor-element-a5edda7\" data-id=\"a5edda7\" data-element_type=\"column\">\n\t\t\t<div class=\"elementor-column-wrap elementor-element-populated\">\n\t\t\t\t\t\t\t<div class=\"elementor-widget-wrap\">\n\t\t\t\t\t\t<div class=\"elementor-element elementor-element-78b3b38 elementor-view-default elementor-widget elementor-widget-icon\" data-id=\"78b3b38\" data-element_type=\"widget\" data-widget_type=\"icon.default\">\n\t\t\t\t<div class=\"elementor-widget-container\">\n\t\t\t\t\t<div class=\"elementor-icon-wrapper\">\n\t\t\t<div class=\"elementor-icon\">\n\t\t\t<i aria-hidden=\"true\" class=\"fas fa-phone\"><\/i>\t\t\t<\/div>\n\t\t<\/div>\n\t\t\t\t<\/div>\n\t\t\t\t<\/div>\n\t\t\t\t<div class=\"elementor-element elementor-element-090c1be elementor-view-default elementor-widget elementor-widget-icon\" data-id=\"090c1be\" data-element_type=\"widget\" data-widget_type=\"icon.default\">\n\t\t\t\t<div class=\"elementor-widget-container\">\n\t\t\t\t\t<div class=\"elementor-icon-wrapper\">\n\t\t\t<div class=\"elementor-icon\">\n\t\t\t<i aria-hidden=\"true\" class=\"fas fa-fax\"><\/i>\t\t\t<\/div>\n\t\t<\/div>\n\t\t\t\t<\/div>\n\t\t\t\t<\/div>\n\t\t\t\t<div class=\"elementor-element elementor-element-8b26d91 elementor-view-default elementor-widget elementor-widget-icon\" data-id=\"8b26d91\" data-element_type=\"widget\" data-widget_type=\"icon.default\">\n\t\t\t\t<div class=\"elementor-widget-container\">\n\t\t\t\t\t<div class=\"elementor-icon-wrapper\">\n\t\t\t<div class=\"elementor-icon\">\n\t\t\t<i aria-hidden=\"true\" class=\"far fa-envelope\"><\/i>\t\t\t<\/div>\n\t\t<\/div>\n\t\t\t\t<\/div>\n\t\t\t\t<\/div>\n\t\t\t\t\t\t<\/div>\n\t\t\t\t\t<\/div>\n\t\t<\/div>\n\t\t\t\t<div class=\"elementor-column elementor-col-50 elementor-inner-column elementor-element elementor-element-1c29b6f\" data-id=\"1c29b6f\" data-element_type=\"column\">\n\t\t\t<div class=\"elementor-column-wrap elementor-element-populated\">\n\t\t\t\t\t\t\t<div class=\"elementor-widget-wrap\">\n\t\t\t\t\t\t<div class=\"elementor-element elementor-element-b47f95d elementor-widget elementor-widget-text-editor\" data-id=\"b47f95d\" data-element_type=\"widget\" data-widget_type=\"text-editor.default\">\n\t\t\t\t<div class=\"elementor-widget-container\">\n\t\t\t\t\t<div class=\"elementor-text-editor elementor-clearfix\"><p>0911- 97 94 390 (Seeacker)<br \/>0911- 97943914 (OGT)<br \/><span style=\"font-family: Roboto, sans-serif; font-size: 14px; font-style: normal; font-variant-ligatures: normal; font-variant-caps: normal; font-weight: 400;\"><br \/>0911- 97 94 39 17<\/span><\/p><p><span style=\"font-family: Roboto, sans-serif; font-size: 14px; font-style: normal; font-variant-ligatures: normal; font-variant-caps: normal; font-weight: 400;\">info@ghs-seeacker-fuerth.de<\/span><span style=\"font-size: 14px;\">\u00a0<\/span><\/p><\/div>\n\t\t\t\t<\/div>\n\t\t\t\t<\/div>\n\t\t\t\t\t\t<\/div>\n\t\t\t\t\t<\/div>\n\t\t<\/div>\n\t\t\t\t\t\t\t\t<\/div>\n\t\t\t\t\t<\/div>\n\t\t<\/section>\n\t\t\t\t<div class=\"elementor-element elementor-element-67fc00c elementor-widget elementor-widget-text-editor\" data-id=\"67fc00c\" data-element_type=\"widget\" data-widget_type=\"text-editor.default\">\n\t\t\t\t<div class=\"elementor-widget-container\">\n\t\t\t\t\t<div class=\"elementor-text-editor elementor-clearfix\"><\/div>\n\t\t\t\t<\/div>\n\t\t\t\t<\/div>\n\t\t\t\t<div class=\"elementor-element elementor-element-6a5a181 elementor-widget elementor-widget-text-editor\" data-id=\"6a5a181\" data-element_type=\"widget\" data-widget_type=\"text-editor.default\">\n\t\t\t\t<div class=\"elementor-widget-container\">\n\t\t\t\t\t<div class=\"elementor-text-editor elementor-clearfix\"><\/div>\n\t\t\t\t<\/div>\n\t\t\t\t<\/div>\n\t\t\t\t<div class=\"elementor-element elementor-element-34a536d elementor-widget elementor-widget-heading\" data-id=\"34a536d\" data-element_type=\"widget\" data-widget_type=\"heading.default\">\n\t\t\t\t<div class=\"elementor-widget-container\">\n\t\t\t<h2 class=\"elementor-heading-title elementor-size-default\">Karte<\/h2>\t\t<\/div>\n\t\t\t\t<\/div>\n\t\t\t\t<div class=\"elementor-element elementor-element-079ad07 elementor-widget elementor-widget-google_maps\" data-id=\"079ad07\" data-element_type=\"widget\" data-widget_type=\"google_maps.default\">\n\t\t\t\t<div class=\"elementor-widget-container\">\n\t\t\t<div class=\"elementor-custom-embed\"><iframe frameborder=\"0\" scrolling=\"no\" marginheight=\"0\" marginwidth=\"0\" src=\"https:\/\/maps.google.com\/maps?q=Seeackerschule%20F%C3%BCrth&amp;t=m&amp;z=15&amp;output=embed&amp;iwloc=near\" title=\"Seeackerschule F\u00fcrth\" aria-label=\"Seeackerschule F\u00fcrth\"><\/iframe><\/div>\t\t<\/div>\n\t\t\t\t<\/div>\n\t\t\t\t\t\t<\/div>\n\t\t\t\t\t<\/div>\n\t\t<\/div>\n\t\t\t\t\t\t\t\t<\/div>\n\t\t\t\t\t<\/div>\n\t\t<\/section>\n\t\t\t\t<section class=\"elementor-section elementor-top-section elementor-element elementor-element-d0e31e0 elementor-section-boxed elementor-section-height-default elementor-section-height-default\" data-id=\"d0e31e0\" data-element_type=\"section\" data-settings=\"{&quot;background_background&quot;:&quot;classic&quot;}\">\n\t\t\t\t\t\t<div class=\"elementor-container elementor-column-gap-default\">\n\t\t\t\t\t\t\t<div class=\"elementor-row\">\n\t\t\t\t\t\t\t\t\t<\/div>\n\t\t\t\t\t<\/div>\n\t\t<\/section>\n\t\t\t\t<section class=\"elementor-section elementor-top-section elementor-element elementor-element-c6b40aa elementor-section-boxed elementor-section-height-default elementor-section-height-default\" data-id=\"c6b40aa\" data-element_type=\"section\">\n\t\t\t\t\t\t<div class=\"elementor-container elementor-column-gap-default\">\n\t\t\t\t\t\t\t<div class=\"elementor-row\">\n\t\t\t\t\t\t\t\t\t<\/div>\n\t\t\t\t\t<\/div>\n\t\t<\/section>\n\t\t\t\t\t\t<\/div>\n\t\t\t\t\t\t<\/div>\n\t\t\t\t\t<\/div>\n\t\t","protected":false},"excerpt":{"rendered":"<p>Herzlich willkommen auf der Homepage der Grundschule Seeackerstra\u00dfe! Hier im F\u00fcrther Ronhof sind wir eine echte Schulfamilie! An unserer Schule arbeiten die Sch\u00fcler, Eltern und Lehrer Hand-in-Hand. Wir haben eine gut organisierte Ganztagsbetreuung und werden durch viele professionelle externe Partner unterst\u00fctzt.Gemeinsam ist fast alles schaffbar. Wir sind Seeacker! Allgemeine Informationen zur bayerischen Grundschule https:\/\/www.km.bayern.de\/ Brosch\u00fcre_Die_bayerische_Grundschule [&hellip;]<\/p>\n","protected":false},"author":1,"featured_media":0,"parent":0,"menu_order":0,"comment_status":"closed","ping_status":"closed","template":"","meta":[],"_links":{"self":[{"href":"https:\/\/seeackerschule-fuerth.de\/index.php?rest_route=\/wp\/v2\/pages\/9"}],"collection":[{"href":"https:\/\/seeackerschule-fuerth.de\/index.php?rest_route=\/wp\/v2\/pages"}],"about":[{"href":"https:\/\/seeackerschule-fuerth.de\/index.php?rest_route=\/wp\/v2\/types\/page"}],"author":[{"embeddable":true,"href":"https:\/\/seeackerschule-fuerth.de\/index.php?rest_route=\/wp\/v2\/users\/1"}],"replies":[{"embeddable":true,"href":"https:\/\/seeackerschule-fuerth.de\/index.php?rest_route=%2Fwp%2Fv2%2Fcomments&post=9"}],"version-history":[{"count":602,"href":"https:\/\/seeackerschule-fuerth.de\/index.php?rest_route=\/wp\/v2\/pages\/9\/revisions"}],"predecessor-version":[{"id":2795,"href":"https:\/\/seeackerschule-fuerth.de\/index.php?rest_route=\/wp\/v2\/pages\/9\/revisions\/2795"}],"wp:attachment":[{"href":"https:\/\/seeackerschule-fuerth.de\/index.php?rest_route=%2Fwp%2Fv2%2Fmedia&parent=9"}],"curies":[{"name":"wp","href":"https:\/\/api.w.org\/{rel}","templated":true}]}}